{"id":24,"date":"2009-08-23T20:45:40","date_gmt":"2009-08-23T19:45:40","guid":{"rendered":"http:\/\/www.ferngefuehl.de\/matthiasweberNeW\/?page_id=24"},"modified":"2010-07-15T17:52:41","modified_gmt":"2010-07-15T16:52:41","slug":"publications","status":"publish","type":"page","link":"https:\/\/www.ferngefuehl.de\/matthiasweber\/?page_id=24","title":{"rendered":"Publications"},"content":{"rendered":"<p><strong>Papers<\/strong><\/p>\n<p><em>2009<\/em><\/p>\n<p>M. Weber: Intelligent Motion Tracking by Combining Specialized Algorithms. In Springer LNCS 5620\/2009 Digital Human Modeling, Proceedings of the Second International Conference, ICDHM 2009, held as part of HCI International 2009, San Diego, CA, USA, July 19-24, 2009. pp. 170-179. ISBN: 978-3-642-02808-3<\/p>\n<p><em>2008<\/em><\/p>\n<p>M. Weber, H. Ben Amor &amp; T. Alexander: Enhancing\u00a0Motion\u00a0Capture\u00a0Performance\u00a0by\u00a0Means\u00a0of\u00a0an Internal\u00a0Anthropometric\u00a0Skeleton\u00a0Model. Proceedings SAE Digital Human Modeling Conference, 2008.<\/p>\n<p><em>2007<\/em><\/p>\n<p>G. Heumer, H. Ben Amor, M. Weber &amp; B. Jung: Grasp Recognition with Uncalibrated Data Gloves &#8211; A Comparison of Classification Methods. Proceedings IEEE Virtual Reality 2007. 2007, pp. 19-26. (Honorable Mention)<\/p>\n<p><em>2006<\/em><\/p>\n<p>M. Weber, G. Heumer, H. Ben Amor &amp; B. Jung: An Animation System for Imitation of Object Grasping in Virtual Reality. In Zhigeng Pan et al. (eds.): Advances in Artificial Reality and Tele-Existence, 16th International Conference on Artificial Reality and Telexistence, ICAT 2006, Hangzhou, China. Lecture Notes in Computer Science 4282, Springer Berlin Heidelberg. November\/December 2006, pp. 65-76. ISBN: 978-3-540-49776-9<\/p>\n<p>B. Jung, H. Ben Amor, G. Heumer &amp; M. Weber: From Motion Capture to Action Capture: A Review of Imitation Learning Techniques and their Application to VR-based Character Animation. Proceedings VRST 2006 &#8211; Thirteenth ACM Symposium on Virtual Reality Software and Technology. 2006.<\/p>\n<p>G. Heumer, M. Weber, H. Ben Amor &amp; B. Jung: Calibration-free Recognition of Grasp Types &#8211; A Comparison of Classification Methods. 3. Workshop Virtuelle und Erweiterte Realit\u00e4t der GI-Fachgruppe VR\/AR. 2006.<\/p>\n<p><em>2005<\/em><\/p>\n<p>M. Weber, G. Heumer &amp; B. Jung: Towards Grasp Learning in Virtual Humans by Imitation of Virtual Reality Users. In Proceedings Zweiter Workshop Virtuelle und Erweiterte Realit\u00e4t der GI-Fachgruppe VR\/AR. Shaker-Verlag. 2005.<\/p>\n<p>T. Pfeiffer, M. Weber &amp; B. Jung: Ubiquitous Virtual Reality: Accessing Shared Virtual Environments through Videoconferencing Technology. In Proceedings of the Theory and Practice of Computer Graphics 2005. Eurographics, 2005.<br \/>\nThis paper won the Ken Brodlie Price for the best paper on the basis of both the written paper and its presentation (1st price).<\/p>\n<p>B. Jung, A. Ahad &amp; M. Weber: The Affective Virtual Patient: An E-Learning Tool for Social Interaction Training within the Medical Field. In Proceedings TESI 2005 &#8211; Training, Education &amp; Simulation International Conference. Nexus Media, 2005.<\/p>\n<p><em>2004<\/em><\/p>\n<p>M. Weber &amp; B. Jung: Implementierung kollaborativer Mixed-Reality-Systeme: Ein Vergleich von Open-Source Videokonferenz-Software. In Virtuelle und Erweiterte Realit\u00e4t &#8211; 1. Workshop der GI-Fachgruppe AR\/VR. Shaker-Verlag, 2004, pp. 173-180.<\/p>\n<p><strong>Posters<\/strong><\/p>\n<p><em>2008<\/em><\/p>\n<p>M. Weber: A Hybrid Approach towards Fully Automatic 3D Marker Tracking. Proceedings ACM VRST 2008. 2008.<\/p>\n<p>M. Weber, H. Ben Amor &amp; T. Alexander: Identifying Motion Capture Tracking Markers with Self-Organizing Maps. Proceedings IEEE Virtual Reality 2008. 2008.<\/p>\n<p><em>2007<\/em><\/p>\n<p>H. Ben Amor, M. Weber, G. Heumer &amp; B. Jung: Coordinate System Transformations for Imitation of Goal-Directed Trajectories in Virtual Humans. In Virtual Environments 2007. IPT EGVE 2007. 13th Eurographics Symposium on Virtual Environments. 2007, pp. 45-46.<\/p>\n<p><em>2005<\/em><\/p>\n<p>M. Weber, T. Pfeiffer &amp; B. Jung: Pr@senZ &#8211; P@CE: Mobile Interaction with Virtual Reality. In Manfred Tscheligi, Regina Bernhaupt &amp; Kristijan Mihalic (eds.): MOBILE HCI 05 Proceedings of the 7th International Conference on Human Computer Interaction with Mobile Devices and Services. ACM, New York. ISBN: 1-59593-089-2. 2005.<\/p>\n<p><strong>Reports<\/strong><\/p>\n<p><em>2010<\/em><\/p>\n<p>J. Conradi, M. Weber &amp; T. Alexander. Digitale Menschmodelle f\u00fcr die ergonomische Beurteilung milit\u00e4rischer Arbeitspl\u00e4tze. FKIE-Bericht Nr. 193, Fraunhofer-Institut f\u00fcr Kommunikation, Informationsverarbeitung und Ergonomie FKIE, Wachtberg, April 2010.<\/p>\n<p>M. Weber, J. Conradi, C. Pfendler &amp; T. Alexander. Zwischenbericht Telekooperation in NetOpF\u00fc-Systemen (TeKoNOS). Fraunhofer-Institut f\u00fcr Kommunikation, Informationsverarbeitung und Ergonomie FKIE, Wachtberg, Januar 2010.<\/p>\n<p><strong>Artist Presentation<\/strong><\/p>\n<p><em>2010<\/em><\/p>\n<p>U. Damm &amp; M. Weber: Fernfuehler \u2013 an art and research project about ambient intelligent furniture for public places. ISEA 2010 RUHR Conference, Dortmund. 2010. (to be published)<\/p>\n<p><em>2006<\/em><\/p>\n<p>U. Damm, M. Weber &amp; P. Serocka: timescape (51\u00b013.66 north, 6\u00b046.523 east). ISEA 2006, ZeroOne, San Jose. 2006.<\/p>\n<p><strong>Diploma Thesis<\/strong><\/p>\n<p><em>2003<\/em><\/p>\n<p>M. Weber: Kamerabasierte Emotionserkennung f\u00fcr die Imitation mit einem virtuellen Agenten (camera-based emotion recognition for imitation by a virtual avatar). Diplomarbeit (diploma thesis). Technische Fakult\u00e4t, Universit\u00e4t Bielefeld, 2003. not published.<\/p>\n","protected":false},"excerpt":{"rendered":"<p>Papers 2009 M. Weber: Intelligent Motion Tracking by Combining Specialized Algorithms. In Springer LNCS 5620\/2009 Digital Human Modeling, Proceedings of the Second International Conference, ICDHM 2009, held as part of HCI International 2009, San Diego, CA, USA, July 19-24, 2009. pp. 170-179. ISBN: 978-3-642-02808-3 2008 M. Weber, H. Ben Amor &amp; T. Alexander: Enhancing\u00a0Motion\u00a0Capture\u00a0Performance\u00a0by\u00a0Means\u00a0of\u00a0an Internal\u00a0Anthropometric\u00a0Skeleton\u00a0Model. [&hellip;]<\/p>\n","protected":false},"author":1,"featured_media":0,"parent":0,"menu_order":0,"comment_status":"closed","ping_status":"closed","template":"","meta":{"footnotes":""},"class_list":["post-24","page","type-page","status-publish","hentry"],"_links":{"self":[{"href":"https:\/\/www.ferngefuehl.de\/matthiasweber\/index.php?rest_route=\/wp\/v2\/pages\/24","targetHints":{"allow":["GET"]}}],"collection":[{"href":"https:\/\/www.ferngefuehl.de\/matthiasweber\/index.php?rest_route=\/wp\/v2\/pages"}],"about":[{"href":"https:\/\/www.ferngefuehl.de\/matthiasweber\/index.php?rest_route=\/wp\/v2\/types\/page"}],"author":[{"embeddable":true,"href":"https:\/\/www.ferngefuehl.de\/matthiasweber\/index.php?rest_route=\/wp\/v2\/users\/1"}],"replies":[{"embeddable":true,"href":"https:\/\/www.ferngefuehl.de\/matthiasweber\/index.php?rest_route=%2Fwp%2Fv2%2Fcomments&post=24"}],"version-history":[{"count":10,"href":"https:\/\/www.ferngefuehl.de\/matthiasweber\/index.php?rest_route=\/wp\/v2\/pages\/24\/revisions"}],"predecessor-version":[{"id":34,"href":"https:\/\/www.ferngefuehl.de\/matthiasweber\/index.php?rest_route=\/wp\/v2\/pages\/24\/revisions\/34"}],"wp:attachment":[{"href":"https:\/\/www.ferngefuehl.de\/matthiasweber\/index.php?rest_route=%2Fwp%2Fv2%2Fmedia&parent=24"}],"curies":[{"name":"wp","href":"https:\/\/api.w.org\/{rel}","templated":true}]}}